{"id":1954,"date":"2021-01-28T14:12:05","date_gmt":"2021-01-28T19:12:05","guid":{"rendered":"http:\/\/acramedical.com\/web\/?page_id=1954"},"modified":"2021-01-28T14:34:12","modified_gmt":"2021-01-28T19:34:12","slug":"conoce-al-doctor","status":"publish","type":"page","link":"http:\/\/acramedical.com\/web\/conoce-al-doctor\/","title":{"rendered":"Conoce al Doctor"},"content":{"rendered":"<p>[vc_row full_width=&#8221;stretch_row&#8221;][vc_column width=&#8221;1\/2&#8243; icons_position=&#8221;left&#8221;][vc_empty_space alter_height=&#8221;medium&#8221; hide_on_mobile=&#8221;&#8221;][vc_empty_space alter_height=&#8221;medium&#8221; hide_on_mobile=&#8221;&#8221;]<div id=\"sc_title_2020167456\"\n\t\tclass=\"sc_title color_style_default sc_title_default\"><h6 class=\"sc_item_subtitle sc_title_subtitle sc_align_left sc_item_title_style_default\">Conoce al Doctor<\/h6><\/div><!-- \/.sc_title -->[vc_empty_space hide_on_mobile=&#8221;&#8221;][vc_empty_space hide_on_mobile=&#8221;&#8221;][vc_column_text css_animation=&#8221;fadeIn&#8221;]<\/p>\n<p style=\"text-align: left;\"><img loading=\"lazy\" decoding=\"async\" class=\"alignleft wp-image-1264 \" src=\"http:\/\/acramedical.com\/web\/wp-content\/uploads\/2020\/11\/Doctor-Acra-1-730x1024.png\" alt=\"\" width=\"616\" height=\"864\" srcset=\"http:\/\/acramedical.com\/web\/wp-content\/uploads\/2020\/11\/Doctor-Acra-1-730x1024.png 730w, http:\/\/acramedical.com\/web\/wp-content\/uploads\/2020\/11\/Doctor-Acra-1-214x300.png 214w, http:\/\/acramedical.com\/web\/wp-content\/uploads\/2020\/11\/Doctor-Acra-1-768x1078.png 768w, http:\/\/acramedical.com\/web\/wp-content\/uploads\/2020\/11\/Doctor-Acra-1-370x519.png 370w, http:\/\/acramedical.com\/web\/wp-content\/uploads\/2020\/11\/Doctor-Acra-1-760x1067.png 760w, http:\/\/acramedical.com\/web\/wp-content\/uploads\/2020\/11\/Doctor-Acra-1-410x575.png 410w, http:\/\/acramedical.com\/web\/wp-content\/uploads\/2020\/11\/Doctor-Acra-1.png 912w\" sizes=\"(max-width: 616px) 100vw, 616px\" \/><\/p>\n<p>[\/vc_column_text][vc_empty_space hide_on_mobile=&#8221;&#8221;][vc_empty_space hide_on_mobile=&#8221;&#8221;][vc_empty_space hide_on_mobile=&#8221;&#8221;][vc_empty_space hide_on_mobile=&#8221;&#8221;][vc_empty_space alter_height=&#8221;small&#8221; hide_on_mobile=&#8221;&#8221;][\/vc_column][vc_column width=&#8221;1\/2&#8243;][vc_empty_space alter_height=&#8221;medium&#8221; hide_on_mobile=&#8221;&#8221;][vc_empty_space hide_on_mobile=&#8221;&#8221;][vc_empty_space hide_on_mobile=&#8221;&#8221;][vc_empty_space hide_on_mobile=&#8221;&#8221;]<div id=\"sc_title_1992162108\"\n\t\tclass=\"sc_title color_style_default sc_title_default\"><h6 class=\"sc_item_subtitle sc_title_subtitle sc_align_center sc_item_title_style_default\">``Uno de los mejores de Estados Unidos en Medicina.`` Nombrado por la AHC<\/h6><\/div><!-- \/.sc_title -->[vc_empty_space alter_height=&#8221;medium&#8221; hide_on_mobile=&#8221;&#8221;][vc_column_text]<\/p>\n<p style=\"text-align: justify;\">\u00a0 \u00a0 \u00a0Doctor Acra ha pasado la \u00faltima d\u00e9cada de sus casi 30 a\u00f1os de carrera como presidente y fundador de Acra Medical Aesthetics. Ha aprovechado su experiencia para abrir una pr\u00e1ctica en la que ofrece tratamientos de alta calidad en el campo de la est\u00e9tica, mientras contin\u00faa educando a sus pacientes sobre la importancia de la medicina preventiva de antienvejecimiento.<\/p>\n<p style=\"text-align: justify;\">Doctor Acra utiliza solo la tecnolog\u00eda m\u00e1s confiable e innovadora en l\u00e1seres para terapia de la piel, inyectables faciales y tratamientos para esculpir el cuerpo y as\u00ed ayudar a sus clientes a lograr una apariencia m\u00e1s joven y saludable.<\/p>\n<p style=\"text-align: justify;\">Rafael Acra M.D en un esfuerzo por mantenerse informado sobre las \u00faltimas tendencias y avances en el \u00e1rea de la medicina est\u00e9tica, refuerza su larga formaci\u00f3n profesional con pr\u00e1cticas de entrenamiento en el Hospital de la <strong>Universidad de North Shore en Cornell University Medical College<\/strong>.\u00a0Asimismo, ha participado en los \u00faltimos cinco a\u00f1os en el Programa de L\u00e1ser y Terapia de Piel Est\u00e9tica de la <strong>Universidad de Harvard<\/strong>, lo cual le permite ofrecer a sus pacientes los m\u00e1s recientes tratamientos y tecnolog\u00eda al servicio de la prevenci\u00f3n del envejecimiento.\u00a0Actualmente, es <strong>miembro de ASLMS<\/strong> (Sociedad Estadounidense de L\u00e1ser, Medicina y Cirug\u00eda Inc.). Tambi\u00e9n mantiene lazos profesionales con <strong>TRS<\/strong> y la <strong>Academia Estadounidense de Medicina Est\u00e9tica<\/strong> en la <strong>Asociaci\u00f3n de Atenci\u00f3n M\u00e9dica de Florida.<\/strong><\/p>\n<p style=\"text-align: justify;\">\u00a0 \u00a0 \u00a0 Recientemente, el <strong>American Health Council<\/strong> nombr\u00f3 al Dr. Rafael Acra, MD, como uno de los &#8220;<strong>Mejores de Estados Unidos en Medicina<\/strong>&#8221; y &#8220;<strong>L\u00edder en Medicina<\/strong>&#8220;, t\u00edtulos que honra con profesionalismo y conocimiento todos los d\u00edas en su pr\u00e1ctica en Acra Medical Aesthetics.<\/p>\n<p>[\/vc_column_text][vc_empty_space hide_on_mobile=&#8221;&#8221;][vc_single_image image=&#8221;1937&#8243; img_size=&#8221;large&#8221;][\/vc_column][vc_column][\/vc_column][\/vc_row][vc_row][vc_column width=&#8221;1\/3&#8243; icons_position=&#8221;left&#8221; offset=&#8221;vc_hidden-lg vc_hidden-md vc_hidden-sm&#8221;][vc_empty_space alter_height=&#8221;large&#8221; hide_on_mobile=&#8221;&#8221;][\/vc_column][\/vc_row][vc_row][vc_column][vc_empty_space][\/vc_column][\/vc_row]<\/p>\n","protected":false},"excerpt":{"rendered":"<p>[vc_row full_width=&#8221;stretch_row&#8221;][vc_column width=&#8221;1\/2&#8243; icons_position=&#8221;left&#8221;][vc_empty_space alter_height=&#8221;medium&#8221; hide_on_mobile=&#8221;&#8221;][vc_empty_space alter_height=&#8221;medium&#8221; hide_on_mobile=&#8221;&#8221;][vc_empty_space hide_on_mobile=&#8221;&#8221;][vc_empty_space hide_on_mobile=&#8221;&#8221;][vc_column_text css_animation=&#8221;fadeIn&#8221;] [\/vc_column_text][vc_empty_space hide_on_mobile=&#8221;&#8221;][vc_empty_space hide_on_mobile=&#8221;&#8221;][vc_empty_space hide_on_mobile=&#8221;&#8221;][vc_empty_space hide_on_mobile=&#8221;&#8221;][vc_empty_space alter_height=&#8221;small&#8221; hide_on_mobile=&#8221;&#8221;][\/vc_column][vc_column width=&#8221;1\/2&#8243;][vc_empty_space alter_height=&#8221;medium&#8221; hide_on_mobile=&#8221;&#8221;][vc_empty_space hide_on_mobile=&#8221;&#8221;][vc_empty_space hide_on_mobile=&#8221;&#8221;][vc_empty_space hide_on_mobile=&#8221;&#8221;][vc_empty_space alter_height=&#8221;medium&#8221; hide_on_mobile=&#8221;&#8221;][vc_column_text] \u00a0 \u00a0 \u00a0Doctor Acra ha pasado la \u00faltima d\u00e9cada de sus casi 30 a\u00f1os de carrera como presidente y fundador de Acra Medical Aesthetics. Ha aprovechado su experiencia para abrir una pr\u00e1ctica en la&hellip;<\/p>\n","protected":false},"author":1,"featured_media":0,"parent":0,"menu_order":0,"comment_status":"closed","ping_status":"closed","template":"","meta":{"footnotes":""},"class_list":["post-1954","page","type-page","status-publish","hentry"],"_links":{"self":[{"href":"http:\/\/acramedical.com\/web\/wp-json\/wp\/v2\/pages\/1954"}],"collection":[{"href":"http:\/\/acramedical.com\/web\/wp-json\/wp\/v2\/pages"}],"about":[{"href":"http:\/\/acramedical.com\/web\/wp-json\/wp\/v2\/types\/page"}],"author":[{"embeddable":true,"href":"http:\/\/acramedical.com\/web\/wp-json\/wp\/v2\/users\/1"}],"replies":[{"embeddable":true,"href":"http:\/\/acramedical.com\/web\/wp-json\/wp\/v2\/comments?post=1954"}],"version-history":[{"count":3,"href":"http:\/\/acramedical.com\/web\/wp-json\/wp\/v2\/pages\/1954\/revisions"}],"predecessor-version":[{"id":1975,"href":"http:\/\/acramedical.com\/web\/wp-json\/wp\/v2\/pages\/1954\/revisions\/1975"}],"wp:attachment":[{"href":"http:\/\/acramedical.com\/web\/wp-json\/wp\/v2\/media?parent=1954"}],"curies":[{"name":"wp","href":"https:\/\/api.w.org\/{rel}","templated":true}]}}