{"id":1946,"date":"2021-01-28T13:49:15","date_gmt":"2021-01-28T18:49:15","guid":{"rendered":"http:\/\/acramedical.com\/web\/?page_id=1946"},"modified":"2021-01-28T15:27:53","modified_gmt":"2021-01-28T20:27:53","slug":"fillers-esp","status":"publish","type":"page","link":"http:\/\/acramedical.com\/web\/fillers-esp\/","title":{"rendered":"Fillers Esp"},"content":{"rendered":"<p>[vc_row content_placement=&#8221;middle&#8221;][vc_column width=&#8221;1\/2&#8243;]<div id=\"sc_title_1829903925\"\n\t\tclass=\"sc_title color_style_default sc_title_default\"><h6 class=\"sc_item_subtitle sc_title_subtitle sc_align_left sc_item_title_style_default\">Rellenos Inyectables<\/h6><\/div><!-- \/.sc_title -->[vc_empty_space alter_height=&#8221;medium&#8221; hide_on_mobile=&#8221;&#8221;][vc_single_image image=&#8221;1813&#8243; img_size=&#8221;large&#8221; alignment=&#8221;center&#8221;][\/vc_column][vc_column width=&#8221;1\/2&#8243;][vc_empty_space hide_on_mobile=&#8221;&#8221;][vc_column_text css_animation=&#8221;none&#8221;]<\/p>\n<p style=\"text-align: justify;\">\u00a0 \u00a0 Las arrugas y la piel fl\u00e1cida son el signo m\u00e1s com\u00fan de la edad, pero el envejecimiento tambi\u00e9n incluye la p\u00e9rdida de volumen. Con el tiempo, los labios se adelgazan, las mejillas se aplanan y el contorno de la cara desaparece lentamente. Los rellenos d\u00e9rmicos son un gel inyectado debajo de la piel que restaura el volumen perdido, suaviza las l\u00edneas de expresi\u00f3n, suaviza los pliegues de la piel, define y realza los contornos faciales. Los rellenos d\u00e9rmicos son un tratamiento de rejuvenecimiento eficaz y una excelente alternativa a la cirug\u00eda pl\u00e1stica.<\/p>\n<p>| <a class=\"vp-a vp-yt-type\" href=\"https:\/\/www.youtube.com\/watch?v=1PHRC-XxENc\" data-autoplay=\"1\" data-ytid=\"1PHRC-XxENc\">JUV\u00c9DERM VOLUMA\u00ae<\/a>\u00a0 |\u00a0<a class=\"vp-s vp-yt-type\" href=\"https:\/\/www.youtube.com\/watch?v=9JXVmAG_kRs\" data-ytid=\"9JXVmAG_kRs\">JUV\u00c9DERM VOLBELLA\u00ae | <\/a><a href=\"https:\/\/radiesse.com\/\">RADIESSE\u00ae<\/a>\u00a0 |\u00a0<a href=\"https:\/\/www.selphylinternational.com\/about-prfm\">SELPHYL\u00ae The\u00a0SELPHYL\u00ae<\/a>\u00a0 | <a href=\"https:\/\/www.restylaneusa.com\/restylane-defyne\">RESTALYNE\u00ae\u00a0DEFYNE | <\/a>\u00a0<a href=\"https:\/\/www.restylaneusa.com\/restylane-refyne\">RESTALYNE\u00ae\u00a0REFYNE <\/a>\u00a0| <a href=\"https:\/\/www.restylaneusa.com\/restylane-kysse\">RESTALYNE\u00ae\u00a0KYSSE<\/a>\u00a0 |\u00a0<a href=\"https:\/\/www.restylaneusa.com\/restylane-silk\">RESTALYNE\u00ae\u00a0SILK\u00a0 <\/a>| <a href=\"https:\/\/www.restylaneusa.com\/restylane-lyft\">RESTALYNE\u00ae\u00a0LIFT<\/a>\u00a0|\u00a0<a class=\"vp-a vp-yt-type\" href=\"https:\/\/www.youtube.com\/watch?v=EX28b9Wggck\" data-autoplay=\"1\" data-ytid=\"EX28b9Wggck\">KYBELLA\u00ae<\/a>\u00a0 |\u00a0<a href=\"https:\/\/www.belotero.com\/\">BELOTERO BALANCE\u00ae<\/a>\u00a0|[\/vc_column_text][\/vc_column][\/vc_row][vc_row][vc_column][vc_empty_space alter_height=&#8221;medium&#8221; hide_on_mobile=&#8221;&#8221;][vc_column_text]El gel inyectable <strong><a class=\"vp-a vp-yt-type\" href=\"https:\/\/www.youtube.com\/watch?v=1PHRC-XxENc\" data-autoplay=\"1\" data-ytid=\"1PHRC-XxENc\">JUV\u00c9DERM VOLUMA\u00ae<\/a><\/strong> se aplica en una inyecci\u00f3n profunda en el \u00e1rea de las mejillas para corregir la p\u00e9rdida de volumen relacionada con la edad.<\/p>\n<p><iframe loading=\"lazy\" src=\"https:\/\/www.youtube.com\/embed\/1PHRC-XxENc\" width=\"560\" height=\"315\" frameborder=\"0\" allowfullscreen=\"allowfullscreen\"><\/iframe><\/p>\n<p>&nbsp;<\/p>\n<p style=\"text-align: justify;\"><strong><a class=\"vp-s vp-yt-type\" href=\"https:\/\/www.youtube.com\/watch?v=9JXVmAG_kRs\" data-ytid=\"9JXVmAG_kRs\">\u00a0 \u00a0 \u00a0JUV\u00c9DERM VOLBELLA\u00ae<\/a>\u00a0<\/strong>suaviza las l\u00edneas finas alrededor de la parte exterior de los labios y proporciona plenitud a los labios mientras los alisa alrededor.<\/p>\n<p><iframe loading=\"lazy\" src=\"https:\/\/www.youtube.com\/embed\/9JXVmAG_kRs?controls=0\" width=\"560\" height=\"315\" frameborder=\"0\" allowfullscreen=\"allowfullscreen\"><\/iframe><\/p>\n<p>&nbsp;<\/p>\n<p style=\"text-align: justify;\"><a href=\"https:\/\/radiesse.com\/\"><strong>\u00a0 \u00a0 \u00a0RADIESSE\u00ae<\/strong><\/a> <span lang=\"ES\">se utiliza para suavizar las arrugas y los pliegues faciales moderados y severos, como los pliegues nasolabiales (los pliegues que se extienden desde la esquina de la nariz hasta la comisura de la boca). RADIESSE\u00ae tambi\u00e9n se utiliza para corregir la p\u00e9rdida de volumen en el dorso<\/span>\u00a0de las manos.<\/p>\n<p><strong><img loading=\"lazy\" decoding=\"async\" class=\"alignnone wp-image-1926 size-full\" src=\"http:\/\/acramedical.com\/web\/wp-content\/uploads\/2021\/01\/radiesse3-2.jpg\" alt=\"\" width=\"1371\" height=\"473\" srcset=\"http:\/\/acramedical.com\/web\/wp-content\/uploads\/2021\/01\/radiesse3-2.jpg 1371w, http:\/\/acramedical.com\/web\/wp-content\/uploads\/2021\/01\/radiesse3-2-300x104.jpg 300w, http:\/\/acramedical.com\/web\/wp-content\/uploads\/2021\/01\/radiesse3-2-1024x353.jpg 1024w, http:\/\/acramedical.com\/web\/wp-content\/uploads\/2021\/01\/radiesse3-2-768x265.jpg 768w, http:\/\/acramedical.com\/web\/wp-content\/uploads\/2021\/01\/radiesse3-2-370x128.jpg 370w, http:\/\/acramedical.com\/web\/wp-content\/uploads\/2021\/01\/radiesse3-2-760x262.jpg 760w, http:\/\/acramedical.com\/web\/wp-content\/uploads\/2021\/01\/radiesse3-2-410x141.jpg 410w\" sizes=\"(max-width: 1371px) 100vw, 1371px\" \/><\/strong><\/p>\n<p>&nbsp;<\/p>\n<p style=\"text-align: justify;\"><a href=\"https:\/\/www.selphylinternational.com\/about-prfm\"><strong>\u00a0 \u00a0 \u00a0SELPHYL\u00ae<\/strong> <strong>The\u00a0SELPHYL\u00ae<\/strong><\/a> El sistema SELPHYL\u00ae est\u00e1 dise\u00f1ado para la preparaci\u00f3n r\u00e1pida y segura de la matriz de fibrina rica en plaquetas (PRFM) a partir de una peque\u00f1a muestra de sangre. Las plaquetas y otros componentes de la sangre humana migran al lugar de la lesi\u00f3n. Se sabe que las plaquetas liberan una variedad de factores de crecimiento que responden a la lesi\u00f3n tisular, donde inician y promueven la curaci\u00f3n. Al concentrar las plaquetas en el sitio de la lesi\u00f3n, los m\u00e9dicos tienen el potencial de mejorar la capacidad natural de curaci\u00f3n del cuerpo.<\/p>\n<p><strong><img loading=\"lazy\" decoding=\"async\" class=\"alignnone wp-image-1905 size-full\" src=\"http:\/\/acramedical.com\/web\/wp-content\/uploads\/2021\/01\/selphyl.jpg\" alt=\"\" width=\"1371\" height=\"473\" srcset=\"http:\/\/acramedical.com\/web\/wp-content\/uploads\/2021\/01\/selphyl.jpg 1371w, http:\/\/acramedical.com\/web\/wp-content\/uploads\/2021\/01\/selphyl-300x104.jpg 300w, http:\/\/acramedical.com\/web\/wp-content\/uploads\/2021\/01\/selphyl-1024x353.jpg 1024w, http:\/\/acramedical.com\/web\/wp-content\/uploads\/2021\/01\/selphyl-768x265.jpg 768w, http:\/\/acramedical.com\/web\/wp-content\/uploads\/2021\/01\/selphyl-370x128.jpg 370w, http:\/\/acramedical.com\/web\/wp-content\/uploads\/2021\/01\/selphyl-760x262.jpg 760w, http:\/\/acramedical.com\/web\/wp-content\/uploads\/2021\/01\/selphyl-410x141.jpg 410w\" sizes=\"(max-width: 1371px) 100vw, 1371px\" \/><\/strong><\/p>\n<p>&nbsp;<\/p>\n<p style=\"text-align: justify;\"><a href=\"https:\/\/www.restylaneusa.com\/restylane-defyne\"><strong>\u00a0 \u00a0 \u00a0RESTALYNE\u00ae\u00a0DEFYNE<\/strong><\/a> ayuda a suavizar las l\u00edneas profundas de la risa (pliegues nasolabiales y l\u00edneas de marioneta). Usando tecnolog\u00eda innovadora de reticulaci\u00f3n, Restylane Defyne es un relleno d\u00e9rmico de \u00e1cido hialur\u00f3nico que puede ayudar a restaurar la apariencia haci\u00e9ndola lucir m\u00e1s joven y natural<span style=\"color: #626262;\">.<\/span><\/p>\n<p><strong><img loading=\"lazy\" decoding=\"async\" class=\"alignnone wp-image-1906 size-full\" src=\"http:\/\/acramedical.com\/web\/wp-content\/uploads\/2021\/01\/defyne.jpg\" alt=\"\" width=\"1371\" height=\"473\" srcset=\"http:\/\/acramedical.com\/web\/wp-content\/uploads\/2021\/01\/defyne.jpg 1371w, http:\/\/acramedical.com\/web\/wp-content\/uploads\/2021\/01\/defyne-300x104.jpg 300w, http:\/\/acramedical.com\/web\/wp-content\/uploads\/2021\/01\/defyne-1024x353.jpg 1024w, http:\/\/acramedical.com\/web\/wp-content\/uploads\/2021\/01\/defyne-768x265.jpg 768w, http:\/\/acramedical.com\/web\/wp-content\/uploads\/2021\/01\/defyne-370x128.jpg 370w, http:\/\/acramedical.com\/web\/wp-content\/uploads\/2021\/01\/defyne-760x262.jpg 760w, http:\/\/acramedical.com\/web\/wp-content\/uploads\/2021\/01\/defyne-410x141.jpg 410w\" sizes=\"(max-width: 1371px) 100vw, 1371px\" \/><\/strong><\/p>\n<p>&nbsp;<\/p>\n<p style=\"text-align: justify;\"><a href=\"https:\/\/www.restylaneusa.com\/restylane-refyne\"><strong>\u00a0 \u00a0 \u00a0RESTALYNE\u00ae\u00a0REFYNE <\/strong><\/a>est\u00e1 dise\u00f1ado con XpresHAn Technology &#x2122; para ayudar a suavizar las l\u00edneas de la risa (pliegues nasolabiales y l\u00edneas de marioneta). Esto puede ayudarlo a restaurar un aspecto m\u00e1s natural en su rostro mientras mantiene sus expresiones faciales.<\/p>\n<p style=\"text-align: justify;\"><strong><img loading=\"lazy\" decoding=\"async\" class=\"alignnone wp-image-1907 size-full\" src=\"http:\/\/acramedical.com\/web\/wp-content\/uploads\/2021\/01\/refyne.jpg\" alt=\"\" width=\"1371\" height=\"473\" srcset=\"http:\/\/acramedical.com\/web\/wp-content\/uploads\/2021\/01\/refyne.jpg 1371w, http:\/\/acramedical.com\/web\/wp-content\/uploads\/2021\/01\/refyne-300x104.jpg 300w, http:\/\/acramedical.com\/web\/wp-content\/uploads\/2021\/01\/refyne-1024x353.jpg 1024w, http:\/\/acramedical.com\/web\/wp-content\/uploads\/2021\/01\/refyne-768x265.jpg 768w, http:\/\/acramedical.com\/web\/wp-content\/uploads\/2021\/01\/refyne-370x128.jpg 370w, http:\/\/acramedical.com\/web\/wp-content\/uploads\/2021\/01\/refyne-760x262.jpg 760w, http:\/\/acramedical.com\/web\/wp-content\/uploads\/2021\/01\/refyne-410x141.jpg 410w\" sizes=\"(max-width: 1371px) 100vw, 1371px\" \/><\/strong><\/p>\n<p>&nbsp;<\/p>\n<p style=\"text-align: justify;\"><strong><a href=\"https:\/\/www.restylaneusa.com\/restylane-kysse\">\u00a0 \u00a0 \u00a0RESTALYNE\u00ae\u00a0KYSSE<\/a>\u00a0<\/strong>\u00a0es el primer relleno de labios dise\u00f1ado con XpresHAn Technology &#x2122; para un movimiento flexible y un volumen de apariencia natural que ha demostrado durar hasta 1 a\u00f1o. Mejora la textura y el color de los labios manteniendo una amplia gama de expresiones.<\/p>\n<p><strong><img loading=\"lazy\" decoding=\"async\" class=\"alignnone wp-image-1903 size-full\" src=\"http:\/\/acramedical.com\/web\/wp-content\/uploads\/2020\/12\/kysse.jpg\" alt=\"\" width=\"1371\" height=\"473\" srcset=\"http:\/\/acramedical.com\/web\/wp-content\/uploads\/2020\/12\/kysse.jpg 1371w, http:\/\/acramedical.com\/web\/wp-content\/uploads\/2020\/12\/kysse-300x104.jpg 300w, http:\/\/acramedical.com\/web\/wp-content\/uploads\/2020\/12\/kysse-1024x353.jpg 1024w, http:\/\/acramedical.com\/web\/wp-content\/uploads\/2020\/12\/kysse-768x265.jpg 768w, http:\/\/acramedical.com\/web\/wp-content\/uploads\/2020\/12\/kysse-370x128.jpg 370w, http:\/\/acramedical.com\/web\/wp-content\/uploads\/2020\/12\/kysse-760x262.jpg 760w, http:\/\/acramedical.com\/web\/wp-content\/uploads\/2020\/12\/kysse-410x141.jpg 410w\" sizes=\"(max-width: 1371px) 100vw, 1371px\" \/><\/strong><\/p>\n<p>&nbsp;<\/p>\n<p style=\"text-align: justify;\"><a href=\"https:\/\/www.restylaneusa.com\/restylane-silk\"><strong>\u00a0 \u00a0 \u00a0RESTALYNE\u00ae\u00a0SILK<\/strong>\u00a0<\/a>\u00a0es el primer producto aprobado por la FDA dise\u00f1ado espec\u00edficamente para el aumento de labios y suavizar las arrugas alrededor de la boca en pacientes de 21 a\u00f1os o m\u00e1s.<\/p>\n<p><strong><img loading=\"lazy\" decoding=\"async\" class=\"alignnone wp-image-1908 size-full\" src=\"http:\/\/acramedical.com\/web\/wp-content\/uploads\/2021\/01\/silk.jpg\" alt=\"\" width=\"1371\" height=\"473\" srcset=\"http:\/\/acramedical.com\/web\/wp-content\/uploads\/2021\/01\/silk.jpg 1371w, http:\/\/acramedical.com\/web\/wp-content\/uploads\/2021\/01\/silk-300x104.jpg 300w, http:\/\/acramedical.com\/web\/wp-content\/uploads\/2021\/01\/silk-1024x353.jpg 1024w, http:\/\/acramedical.com\/web\/wp-content\/uploads\/2021\/01\/silk-768x265.jpg 768w, http:\/\/acramedical.com\/web\/wp-content\/uploads\/2021\/01\/silk-370x128.jpg 370w, http:\/\/acramedical.com\/web\/wp-content\/uploads\/2021\/01\/silk-760x262.jpg 760w, http:\/\/acramedical.com\/web\/wp-content\/uploads\/2021\/01\/silk-410x141.jpg 410w\" sizes=\"(max-width: 1371px) 100vw, 1371px\" \/><\/strong><\/p>\n<p><strong><a href=\"https:\/\/www.restylaneusa.com\/restylane-lyft\">\u00a0 \u00a0 \u00a0RESTALYNE\u00ae\u00a0LIFT<\/a>\u00a0<\/strong>ayuda a completar su apariencia est\u00e9tica con un volumen de apariencia natural en sus mejillas y manos para una apariencia m\u00e1s suave y llena que resulta en una apariencia m\u00e1s juvenil.<\/p>\n<p><strong><img loading=\"lazy\" decoding=\"async\" class=\"alignnone wp-image-1900 size-full\" src=\"http:\/\/acramedical.com\/web\/wp-content\/uploads\/2020\/12\/lyft.jpg\" alt=\"\" width=\"1371\" height=\"473\" srcset=\"http:\/\/acramedical.com\/web\/wp-content\/uploads\/2020\/12\/lyft.jpg 1371w, http:\/\/acramedical.com\/web\/wp-content\/uploads\/2020\/12\/lyft-300x104.jpg 300w, http:\/\/acramedical.com\/web\/wp-content\/uploads\/2020\/12\/lyft-1024x353.jpg 1024w, http:\/\/acramedical.com\/web\/wp-content\/uploads\/2020\/12\/lyft-768x265.jpg 768w, http:\/\/acramedical.com\/web\/wp-content\/uploads\/2020\/12\/lyft-370x128.jpg 370w, http:\/\/acramedical.com\/web\/wp-content\/uploads\/2020\/12\/lyft-760x262.jpg 760w, http:\/\/acramedical.com\/web\/wp-content\/uploads\/2020\/12\/lyft-410x141.jpg 410w\" sizes=\"(max-width: 1371px) 100vw, 1371px\" \/><\/strong><\/p>\n<p>&nbsp;<\/p>\n<p><a class=\"vp-a vp-yt-type\" href=\"https:\/\/www.youtube.com\/watch?v=EX28b9Wggck\" data-autoplay=\"1\" data-ytid=\"EX28b9Wggck\"><strong>\u00a0 \u00a0 \u00a0KYBELLA\u00ae<\/strong><\/a>\u00a0\u00a0es el \u00fanico tratamiento inyectable aprobado por la FDA que destruye las c\u00e9lulas grasas en el \u00e1rea de tratamiento debajo del ment\u00f3n para mejorar su perfil..<\/p>\n<p><iframe loading=\"lazy\" src=\"https:\/\/www.youtube.com\/embed\/EX28b9Wggck?controls=0\" width=\"560\" height=\"315\" frameborder=\"0\" allowfullscreen=\"allowfullscreen\"><\/iframe><\/p>\n<p style=\"text-align: justify;\">El gel inyectable <a href=\"https:\/\/www.belotero.com\/\"><strong>BELOTERO BALANCE\u00ae<\/strong><\/a>\u00a0es una inyecci\u00f3n recetada que se usa para suavizar y rellenar temporalmente los pliegues nasolabiales de moderados a severos, as\u00ed como otras l\u00edneas y arrugas grabadas de moderadas a severas alrededor de los labios y la boca.<\/p>\n<p><img loading=\"lazy\" decoding=\"async\" class=\"alignnone wp-image-1924 size-full\" src=\"http:\/\/acramedical.com\/web\/wp-content\/uploads\/2021\/01\/belotero2-1.jpg\" alt=\"\" width=\"1371\" height=\"473\" srcset=\"http:\/\/acramedical.com\/web\/wp-content\/uploads\/2021\/01\/belotero2-1.jpg 1371w, http:\/\/acramedical.com\/web\/wp-content\/uploads\/2021\/01\/belotero2-1-300x104.jpg 300w, http:\/\/acramedical.com\/web\/wp-content\/uploads\/2021\/01\/belotero2-1-1024x353.jpg 1024w, http:\/\/acramedical.com\/web\/wp-content\/uploads\/2021\/01\/belotero2-1-768x265.jpg 768w, http:\/\/acramedical.com\/web\/wp-content\/uploads\/2021\/01\/belotero2-1-370x128.jpg 370w, http:\/\/acramedical.com\/web\/wp-content\/uploads\/2021\/01\/belotero2-1-760x262.jpg 760w, http:\/\/acramedical.com\/web\/wp-content\/uploads\/2021\/01\/belotero2-1-410x141.jpg 410w\" sizes=\"(max-width: 1371px) 100vw, 1371px\" \/>[\/vc_column_text][\/vc_column][\/vc_row]<\/p>\n","protected":false},"excerpt":{"rendered":"<p>[vc_row content_placement=&#8221;middle&#8221;][vc_column width=&#8221;1\/2&#8243;][vc_empty_space alter_height=&#8221;medium&#8221; hide_on_mobile=&#8221;&#8221;][vc_single_image image=&#8221;1813&#8243; img_size=&#8221;large&#8221; alignment=&#8221;center&#8221;][\/vc_column][vc_column width=&#8221;1\/2&#8243;][vc_empty_space hide_on_mobile=&#8221;&#8221;][vc_column_text css_animation=&#8221;none&#8221;] \u00a0 \u00a0 Las arrugas y la piel fl\u00e1cida son el signo m\u00e1s com\u00fan de la edad, pero el envejecimiento tambi\u00e9n incluye la p\u00e9rdida de volumen. Con el tiempo, los labios se adelgazan, las mejillas se aplanan y el contorno de la cara desaparece lentamente. Los rellenos d\u00e9rmicos son un&hellip;<\/p>\n","protected":false},"author":1,"featured_media":0,"parent":0,"menu_order":0,"comment_status":"closed","ping_status":"closed","template":"","meta":{"footnotes":""},"class_list":["post-1946","page","type-page","status-publish","hentry"],"_links":{"self":[{"href":"http:\/\/acramedical.com\/web\/wp-json\/wp\/v2\/pages\/1946"}],"collection":[{"href":"http:\/\/acramedical.com\/web\/wp-json\/wp\/v2\/pages"}],"about":[{"href":"http:\/\/acramedical.com\/web\/wp-json\/wp\/v2\/types\/page"}],"author":[{"embeddable":true,"href":"http:\/\/acramedical.com\/web\/wp-json\/wp\/v2\/users\/1"}],"replies":[{"embeddable":true,"href":"http:\/\/acramedical.com\/web\/wp-json\/wp\/v2\/comments?post=1946"}],"version-history":[{"count":5,"href":"http:\/\/acramedical.com\/web\/wp-json\/wp\/v2\/pages\/1946\/revisions"}],"predecessor-version":[{"id":2004,"href":"http:\/\/acramedical.com\/web\/wp-json\/wp\/v2\/pages\/1946\/revisions\/2004"}],"wp:attachment":[{"href":"http:\/\/acramedical.com\/web\/wp-json\/wp\/v2\/media?parent=1946"}],"curies":[{"name":"wp","href":"https:\/\/api.w.org\/{rel}","templated":true}]}}